 be -6*(0/(-7) - 1/(-3)). Let x be 12*(3/2 + -2)*b. What is the highest common factor of x and 36?
12
Let l(f) = f + 14. Let j = 34 - 18. Let c be l(j). Let a = 64 - c. Calculate the greatest common factor of 85 and a.
17
Suppose 0 = -v + 5*o - 81, 6*o + 347 = -5*v + 2*o. Let x be (-6)/(-36) - v/6. Let b(u) = 3*u + 1. Let c be b(1). What is the greatest common divisor of c and x?
4
Let r be -36*5/(-30)*8. What is the greatest common factor of 276 and r?
12
Let h(x) = -2*x**3 - 2*x**2 + 7*x - 4. Let c be h(-6). Let t = c - 194. What is the greatest common divisor of 80 and t?
40
Let f(p) = -2*p**3 + p**2 + 6*p**2 + 1 + 3*p**3 + 1. Let z be f(-3). What is the greatest common divisor of z and 95?
19
Suppose 5 = -b, 4 = -n + 2*b + 17. Suppose 0 = -4*k + 2*i + 204, -51 = -k + n*i - 2*i. What is the highest common divisor of k and 17?
17
Let o(p) = -p**3 + 5*p**2 + 4*p + 4. Let u be o(6). Let v be (-63)/6*u/6. What is the greatest common divisor of 21 and v?
7
Suppose 82*c - 92*c + 60 = 0. What is the greatest common divisor of c and 12?
6
Let b = 4 + 0. Let i be (b/3)/(34/51). Suppose -i*t - t + 57 = -3*u, -u = 5. What is the greatest common divisor of 28 and t?
14
Let y be 6/24*(-2 + 2). Suppose -o + 5*p + 55 + 65 = y, 4*p + 537 = 5*o. Calculate the highest common divisor of o and 21.
21
Let d = 2693 + -1911. What is the greatest common factor of 34 and d?
34
Let x(r) = -10*r - 42. Let o(n) = 2*n**2 - 41*n + 15. Let w be o(20). Let q be x(w). Calculate the highest common divisor of 56 and q.
8
Suppose -2*k - 1 = -k. Let f = 5 + k. Suppose f*j - 8 = 0, -c - 4*j + 43 + 37 = 0. Calculate the greatest common divisor of c and 9.
9
Let l = -56 - -61. Suppose 3*w - 46 = l*u - 13, -4*w + u + 61 = 0. Calculate the highest common factor of 40 and w.
8
Let c = -46 + 69. Suppose 0 = -2*i + 3*j + c, 5*i - 13 = j + 38. Suppose 508 = 5*f + 3*m + 105, 4*m = -4*f + 324. What is the highest common divisor of i and f?
10
Suppose 5*y - w = 2*y + 17, w + 21 = 4*y. Suppose -y*u - 4 = -20. Suppose 2*a = 2*o + 50, u*a + 3*o - 25 = 3*a. What is the greatest common divisor of a and 25?
25
Let f = -79 + 81. Suppose f*p + 10 = 2*m, 4*m - 14 = 3*p - p. What is the highest common factor of 22 and m?
2
Suppose 10*a - p = 5*a - 79, -5*p = -20. Let g be 51/15 + 6/a. Let o(q) = 3*q**2 - 2*q + 1. Let w be o(2). Calculate the highest common factor of w and g.
3
Suppose 0 = 2*v + k - 444 - 1121, -2*k - 2 = 0. What is the greatest common divisor of 27 and v?
27
Let b(z) = z**3 + 6*z**2 + 3*z + 3. Let o be b(-4). Let f = o + 9. Suppose -2*p + 8 = -p. Calculate the highest common factor of p and f.
8
Let m(t) = -5*t + 19. Let g be m(15). Let o = 94 + g. Let n = -23 + o. What is the greatest common divisor of n and 75?
15
Let k = 1218 + -1120. Let a(l) = 3*l**2 + 2*l - 2. Let y be a(2). Calculate the highest common divisor of k and y.
14
Let b = 126 + 17. What is the greatest common factor of b and 13?
13
Suppose 0 = 4*c + l - 4, -c - 3*l = -5*l - 1. What is the highest common divisor of 63 and c?
1
Let c be 15/3 + -2 + -1. Suppose -c*i - 2*v = -88, -4*i = -5*v - 36 - 104. What is the greatest common factor of 16 and i?
8
Suppose 1796 = 23*z - 4460. What is the highest common divisor of 102 and z?
34
Let u(x) = -x**3 - 22*x**2 - 36*x + 9. Let h be u(-21). Calculate the greatest common divisor of h and 144.
36
Let l(g) = 51*g - 10*g**2 - 39*g + 0*g**3 - g**3 - 2. Let f be l(-11). Let s = 16 + f. Calculate the greatest common factor of 21 and s.
3
Suppose 3*n - 3*i = -0*n + 12, -3*n + i + 16 = 0. Let s(q) = q**2 - 3*q - 11. Let g be s(n). What is the greatest common factor of 35 and g?
7
Let z = -5 + 8. Suppose -3*a = -z*m + 816, -3*a = -8*a + 15. What is the highest common factor of 25 and m?
25
Suppose 0 = b - 5*u - 85, -3*b - 2*u = u - 327. Let q(o) = -4*o - 11. Let m be 62/(-8) + 1/(-4). Let n be q(m). What is the highest common divisor of n and b?
21
Let w = -66 + 151. Let k be ((-2)/(-5))/((-1)/(-85)). What is the highest common factor of w and k?
17
Suppose -1463 = -4*v - 3*v. Suppose -3*n + 5*n = 38. What is the highest common divisor of n and v?
19
Let x = -239 + 339. Let b(s) = -12*s - 35. Let a be b(-5). What is the highest common divisor of a and x?
25
Suppose 0 = -3*s - 2*k + 7*k + 341, -3*s + 359 = 4*k. What is the highest common divisor of s and 171?
9
Suppose 4*q - 2*q + 5*v = -4, -q + 20 = -3*v. Let s = 11 - q. Let n be s/6*356 - 3. What is the highest common divisor of n and 25?
25
Let j = 175 + -121. What is the highest common divisor of j and 126?
18
Suppose -g - 3*s + 5 + 1 = 0, g - 5 = -2*s. Suppose 4*r + 0*r = -g*n + 177, 0 = 4*r - 3*n - 159. Calculate the highest common factor of r and 6.
6
Suppose -5*d + q + 141 = 0, 7*q + 5 = 2*q. Suppose d + 8 = 3*h. Suppose -3*l + h = -0*l. What is the greatest common divisor of 4 and l?
4
Let u be -52*(1 + 12/(-8)). Calculate the greatest common divisor of u and 26.
26
Let q(w) = -w**2 - 6*w - 6. Let g be q(-3). Suppose 4*a = -3*c + 360, 0*c - g*c + 360 = a. What is the highest common factor of 15 and c?
15
Suppose -3*l - 9 = 0, 12 = 3*c - 0*l - 3*l. Suppose -2*o + 3 = -c. Suppose 34 = o*r - 4*w, -5*r + 4*w + 92 = 7. What is the highest common divisor of r and 85?
17
Suppose -4*h = 5*j - 6*h - 147, -3*j + 3*h + 90 = 0. Calculate the greatest common factor of 29 and j.
29
Let u be 1719/12 + (-6)/(-8). Suppose -6*h + u = -3*h. Suppose -2*l + 12 = q, 36 = 3*q + 2*q + 2*l. What is the greatest common factor of q and h?
6
Suppose -114 = -18*k - 24. Let x be 163/3 - (-24)/36. Calculate the highest common divisor of x and k.
5
Let i(v) = 4*v + 119. Let s be i(-11). Suppose 5*z = -4*u + 83, 6*z - 2*z = -3*u + 66. Calculate the highest common factor of z and s.
15
Let u = 452 + -194. Let c be u/8 - (-4)/(-16). Let g = -9 + 41. What is the greatest common divisor of g and c?
32
Let l be 1*3*(-9 + 10). Let h be (l - 4)*(3 - 7). Calculate the greatest common factor of 8 and h.
4
Let p = -60 - -90. Let h be (486/45)/(3/p). Suppose -4*n - 4*b = -36, 0*b - b - 27 = -2*n. Calculate the highest common divisor of n and h.
12
Let v be (0/(-17) - (-1 - -5))*-72. Calculate the greatest common divisor of 9 and v.
9
Let d(j) = -j**3 + 16*j**2 + 35*j + 27. Let x be d(18). Suppose -3*n = 3, -5*g - 333 = -x*g - 3*n. What is the greatest common factor of g and 56?
28
Let q(s) = 5*s**2 + 2*s**2 - 17*s - 22 - 2*s**2 - 4*s**2. Let o be q(20). What is the greatest common divisor of o and 95?
19
Let p(h) = -2*h**3 - 5*h**2 - 3*h + 3. Let g be p(-4). Calculate the greatest common factor of g and 21.
21
Suppose -5*q + 60 = -3*q. Let w be 1/(-3 + 248/82). Suppose -2*y = -3*a + w, 2*y - 25 = -a - 3*y. Calculate the greatest common factor of a and q.
15
Let q = 20 + -16. Suppose 4*t - p - 16 = 0, 0 = 2*t + 4*p - q - 4. What is the greatest common divisor of 20 and t?
4
Suppose -32*d + 13 = -243. Suppose 4*j - j = 552. Calculate the greatest common divisor of d and j.
8
Let c be -2 + -1 + 4 + 0. Suppose -2*x - 3*n + c = 3, -3*x - 4*n = 1. Let p = -43 - -78. What is the highest common divisor of x and p?
5
Let h be (4/10)/((-8)/(-40)). Let l be h*2 + 7 + 19. Let g be l/40 + (-21)/(-4). Calculate the greatest common factor of g and 12.
6
Suppose 16*d - 13*d - 66 = 0. Let s = d + -17. What is the greatest common factor of 2 and s?
1
Let r = 323 - 251. Calculate the highest common divisor of 360 and r.
72
Let h(b) = b**2 - b + 291. Let m be h(0). Suppose -3 = 2*g - m. What is the greatest common factor of 16 and g?
16
Let f(p) = 58*p - 4. Let t be f(1). Let n = t + -41. Calculate the highest common factor of 39 and n.
13
Suppose -2*o + 2*k + 3249 = -1369, 11495 = 5*o + 5*k. Calculate the greatest common divisor of o and 36.
36
Suppose -179*l = -189*l + 950. Suppose 4*b = l - 23. Let m(y) = -55*y - 1. Let r be m(-1). Calculate the highest common factor of r and b.
18
Suppose -27*p + 7*p + 40 = 0. What is the highest common divisor of p and 66?
2
Let z(w) = 6*w - 13. Let q be z(3). Let c be ((-12)/q)/((-1)/10*2). Calculate the greatest common factor of c and 60.
12
Let t = 28 - 26. Let x be (t - 35)*1/(-3). Calculate the highest common factor of x and 22.
11
Let c(l) = 2*l**3 - 29*l**2 + 205. Let s be c(14). Calculate the greatest common factor of s and 144.
9
Suppo